7 a prime number?
True
Is 8553 a composite number?
True
Is 1661 a composite number?
True
Is 38089 a prime number?
False
Is 1318063 prime?
True
Is 935687 composite?
False
Is 220137 prime?
False
Is 41113 composite?
False
Is 344002 composite?
True
Is 18623 a prime number?
False
Is 9505 a prime number?
False
Is 1949 composite?
False
Is 265 prime?
False
Is 130627 a prime number?
False
Is 421559 a composite number?
False
Is 588073 composite?
False
Is 109639 a prime number?
True
Is 1259 a prime number?
True
Is 66497 a prime number?
False
Is 1111499 composite?
False
Is 26947 prime?
True
Is 11993 prime?
False
Is 62171 a composite number?
False
Is 183035 a composite number?
True
Is 5749 composite?
False
Is 1795669 composite?
False
Is 46511 composite?
False
Is 46297 a composite number?
True
Is 199187 a prime number?
False
Is 21211 composite?
False
Is 3163 a prime number?
True
Is 6671 a prime number?
False
Is 91687 composite?
True
Is 93697 prime?
False
Is 2837 a prime number?
True
Is 102397 prime?
True
Is 29254 a composite number?
True
Is 167809 composite?
False
Is 1828967 a prime number?
False
Is 1433323 a prime number?
False
Is 3722 composite?
True
Is 461167 composite?
True
Is 24673 composite?
True
Is 184409 a prime number?
True
Is 2982611 composite?
False
Is 1151 composite?
False
Is 85639 composite?
False
Is 164231 prime?
True
Is 212669 composite?
False
Is 8803 prime?
True
Is 697 prime?
False
Is 8209 prime?
True
Is 95255 composite?
True
Is 11794 a composite number?
True
Is 49331 a composite number?
False
Is 28349 prime?
True
Is 2789 composite?
False
Is 17267 composite?
True
Is 18922 a prime number?
False
Is 14903 composite?
True
Is 701 composite?
False
Is 32647 composite?
False
Is 373937 composite?
False
Is 908489 a composite number?
False
Is 36251 a prime number?
True
Is 225539 composite?
True
Is 34787 a prime number?
False
Is 1106851 prime?
True
Is 9965 a composite number?
True
Is 4934957 a composite number?
True
Is 928943 prime?
False
Is 95605 composite?
True
Is 7121 prime?
True
Is 2213 prime?
True
Is 138037 a prime number?
False
Is 155599 a composite number?
False
Is 5489 composite?
True
Is 8719 a prime number?
True
Is 19841 a composite number?
False
Is 6801 a prime number?
False
Is 4441 a prime number?
True
Is 74953 composite?
True
Is 5199 a composite number?
True
Is 437947 prime?
True
Is 2243 a prime number?
True
Is 6101 a prime number?
True
Is 328939 prime?
False
Is 96983 prime?
False
Is 4287 a prime number?
False
Is 130173 a prime number?
False
Is 21647 prime?
True
Is 100999 a prime number?
True
Is 254857 a composite number?
False
Is 126443 a composite number?
False
Is 9101 prime?
False
Is 7603 a prime number?
True
Is 79951 a composite number?
True
Is 279781 a composite number?
True
Is 2072065 a composite number?
True
Is 31147 a composite number?
False
Is 1426939 a composite number?
False
Is 56543 composite?
False
Is 11042 a composite number?
True
Is 128965 a composite number?
True
Is 21403 a composite number?
True
Is 1507 a composite number?
True
Is 1852517 a prime number?
False
Is 124633 a composite number?
False
Is 25919 a composite number?
False
Is 8501 a prime number?
True
Is 143053 a prime number?
True
Is 199081 composite?
False
Is 895499 a prime number?
False
Is 64463 prime?
False
Is 137877 a prime number?
False
Is 13355 composite?
True
Is 743 prime?
True
Is 19841 a prime number?
True
Is 123787 a prime number?
True
Is 675859 composite?
False
Is 98597 composite?
False
Is 4939 prime?
False
Is 30071 composite?
False
Is 8191 prime?
True
Is 7493 a prime number?
False
Is 69477 a composite number?
True
Is 15133 prime?
False
Is 87383 composite?
False
Is 8221 a prime number?
True
Is 100333 a prime number?
True
Is 31643 a composite number?
False
Is 24143 prime?
False
Is 9607 prime?
False
Is 404051 composite?
False
Is 92143 composite?
False
Is 223 a composite number?
False
Is 1126 a prime number?
False
Is 1073 a prime number?
False
Is 391049 a prime number?
True
Is 19531 a prime number?
True
Is 42847 composite?
True
Is 183013 a composite number?
True
Is 65597 prime?
False
Is 3042277 a composite number?
True
Is 1049689 prime?
False
Is 164501 a composite number?
True
Is 250291 a composite number?
True
Is 78941 prime?
True
Is 45407 a prime number?
False
Is 813539 composite?
True
Is 69643 prime?
False
Is 38261 composite?
False
Is 3787 a composite number?
True
Is 825841 prime?
False
Is 287849 prime?
True
Is 27493 prime?
False
Is 600997 a prime number?
False
Is 16241 composite?
True
Is 39505 a prime number?
False
Is 852499 prime?
False
Is 1439 composite?
False
Is 98621 a prime number?
True
Is 242243 a composite number?
False
Is 22303 composite?
False
Is 1326205 composite?
True
Is 13391 composite?
True
Is 2030335 prime?
False
Is 253133 composite?
False
Is 1005763 a composite number?
True
Is 26627 prime?
True
Is 156119 prime?
True
Is 8171 prime?
True
Is 10481 composite?
True
Is 430301 composite?
True
Is 241229 composite?
False
Is 306211 prime?
False
Is 30023 composite?
True
Is 26669 composite?
False
Is 13361 prime?
False
Is 65387 a composite number?
True
Is 1066657 composite?
True
Is 241558 composite?
True
Is 276565 a composite number?
True
Is 1731539 a composite number?
False
Is 9959 prime?
False
Is 20649 composite?
True
Is 969713 prime?
True
Is 150737 a composite number?
True
Is 61323 a prime number?
False
Is 2819 a prime number?
True
Is 29201 a composite number?
False
Is 7897 a composite number?
True
Is 175573 a prime number?
True
Is 638303 prime?
True
Is 3511 a composite number?
False
Is 2545 composite?
True
Is 9391 a prime number?
True
Is 47199 a composite number?
True
Is 21085 composite?
True
Is 1348051 a prime number?
True
Is 864613 composite?
False
Is 9535 a prime number?
False
Is 1205 prime?
False
Is 23227 a composite number?
False
Is 441685 a prime number?
False
Is 199 a composite number?
False
Is 85133 prime?
True
Is 188977 a composite number?
True
Is 93257 a composite number?
False
Is 12674 a prime number?
False
Is 15427 a prime number?
True
Is 109297 a prime number?
True
Is 24239 a composite number?
False
Is 167521 a prime number?
True
Is 9491 prime?
True
Is 1009 prime?
True
Is 3238 composite?
True
Is 328093 prime?
True
Is 68245 a prime number?
False
Is 1928929 a prime number?
True
Is 7067 composite?
True
Is 39154 a prime number?
False
Is 64765 a composite number?
True
Is 26797 composite?
True
Is 16669 prime?
False
Is 3119413 a composite number?
True
Is 170543 a composite number?
True
Is 229063 composite?
True
Is 41113 a composite number?
False
Is 10037 a composite number?
False
Is 64091 a prime number?
True
Is 18637 prime?
True
Is 15389 a composite number?
True
Is 21134 prime?
False
Is 8561 a composite number?
True
Is 15817 composite?
False
Is 17453 a composite number?
True
Is 215665 prime?
False
Is 64969 composite?
False
Is 53287 a composite number?
True
Is 117874 a prime number?
False
Is 23869 prime?
True
Is 130457 a prime number?
True
Is 13381 prime?
True
Is 1071817 a composite number?
False
Is 2152291 a composite number?
False
Is 59795 composite?
True
Is 2388637 a prime number?
True
Is 81761 a prime number?
True
Is 25618 composite?
True
Is 2281 a prime number?
True
Is 52361 a composite number?
False
Is 8467 a composite number?
False
Is 22699 a composite number?
False
Is 75431 a prime number?
True
Is 133379 a prime number?
True
Is 12809 composite?
False
Is 2787 a prime number?
False
Is 416989 a prime number?
True
Is 21785 prime?
False
Is 316805 a prime number?
False
Is 1267 composite?
True
Is 803587 prime?
True
Is 13253 prime?
False
Is 53401 composite?
False
Is 6899 a prime number?
True
Is 532031 a prime number?
False
Is 3973 a composite number?
True
Is 66169 a prime number?
True
Is 7081 a prime number?
False
Is 691991 prime?
True
Is 5189 a prime number?
True
Is 333187 a prime number?
True
Is 9961 a composite number?
True
Is 180871 a prime number?
True
Is 80567 composite?
False
Is 135703 prime?
False
Is 11677 composite?
False
Is 70991 composite?
False
Is 11041 prime?
False
Is 6423 a composite number?
True
Is 1397 a prime number?
False
Is 321443 a prime number?
True
Is 39965 a composite number?
True
Is 4661 a composite number?
True
Is 265729 a composite number?
False
Is 229123 prime?
True
Is 79777 a prime number?
True
Is 1348041 a prim